hat is the tens digit of t(12)?
6
Let v be ((-1006)/(-4))/(1/2). Suppose z - 4*r + 296 - 40 = 0, r = -2*z - v. What is the tens digit of 2/5 + z/(-20)?
1
Suppose 2*h - 77 + 6 = 5*y, 225 = 5*h - 3*y. Let t = 68 - h. What is the tens digit of t?
2
Let u = -4 + 3. Let d(o) = -19*o**3 - 2*o**2 - o. What is the units digit of d(u)?
8
Let l(j) = -4*j**3 - 5*j**2 - 4*j - 4. What is the units digit of l(-3)?
1
Let c(n) = n**3 + 6*n**2 + 1. Suppose 0 = -3*j - 2*j - 30. Let h be c(j). What is the units digit of h - (0 + (-1)/1)?
2
Let v = -54 + 37. Let b = -9 - v. What is the units digit of (b/(-6))/((-16)/72)?
6
What is the units digit of 10/(-4)*144/(-4)?
0
Suppose -4*i + 2*i + 4 = 0. Suppose -i*v = 2 - 10. What is the units digit of v?
4
Let p(z) = 9*z - 10. Let n be p(9). Suppose -n = -5*r - 16. What is the units digit of r?
1
Let z = -9 + -2. Let o = z - -8. Let b = o + 8. What is the units digit of b?
5
Suppose -6*w + 85 = -w. Let m = -12 + w. What is the units digit of m?
5
Let p(r) = -4*r + 2*r + 6*r. What is the tens digit of p(3)?
1
Let z(x) = -x**2 - 4*x - 8. Let r(m) = -3*m**2 - 8*m - 17. Let n(g) = 2*r(g) - 5*z(g). What is the units digit of n(5)?
1
Let y = -14 - -6. What is the units digit of (-2)/y - (-62)/8?
8
Suppose -3*t - 66 = -360. What is the tens digit of t?
9
Suppose 0 = 3*h - 5*t - 298, -h + 2*t = 6*t - 88. What is the units digit of h?
6
Suppose -4*s + 0*s + 380 = 4*v, 0 = -2*v - 3*s + 187. What is the tens digit of v?
9
Suppose p = -4*v + 28, 4*p - 4*v - 6 - 46 = 0. Let s = -22 + p. What is the tens digit of 28/s*(-54)/21?
1
Suppose 0 = -4*b + b + 6. Suppose -b*t + 7 = 3. What is the units digit of t?
2
What is the tens digit of (-4)/1*-12*1?
4
Let d = -18 + 23. Suppose 0*b = -2*b, -d*b - 235 = -5*g. What is the units digit of g?
7
Let l = -19 - -22. Suppose 12 = 4*d - 8*d - 4*q, -15 = -l*d + 3*q. What is the units digit of d?
1
Let i = 160 + -96. What is the tens digit of i?
6
Suppose -4*b + 5*b = 18. What is the units digit of b?
8
Let i be 518/35 - (-2)/10. Let h = 26 - i. What is the units digit of h?
1
Let s be 0/(-2 + 3 + -3). Suppose 0 = 2*m - s*m - 56. Suppose -5*g + g = -m. What is the units digit of g?
7
Let h = 4 - -42. What is the units digit of h?
6
Suppose -2*n + 10 = -3*q, 2*q + 1 = 5*n - 2. What is the tens digit of (-20)/n - (1 - 1)?
2
Suppose -2*t + 4*r = -12, -2*t - 2*r + 1 = -11. Let h be 233/11 + (-30)/165. Suppose h = 3*v - t. What is the units digit of v?
9
Suppose -6*w = -2*w + 36. Let z = 19 - w. Let x = z + -19. What is the units digit of x?
9
Suppose -1 - 3 = -2*t. What is the units digit of t?
2
Let w(d) = 80*d - 3. What is the units digit of w(1)?
7
Let k be (28/21)/(1/15). Suppose 14*v = 9*v + k. What is the units digit of v?
4
What is the tens digit of ((-2)/1)/(-2)*25?
2
Suppose 0*n = -2*n - 6. What is the tens digit of 90/(-12)*8/n?
2
Let o be -1 + (-5 - -2) + 3. Let c(j) = -4*j**3 + 2*j**2 + 2*j + 1. What is the units digit of c(o)?
5
Let t(m) = m**3 - 4*m**2 + 4*m - 6. What is the tens digit of t(4)?
1
Let q(m) = -m - 6. Let d = -11 + 20. Let x = 2 - d. What is the units digit of q(x)?
1
Let h(u) = -u**3 - 7*u**2 - 10*u - 6. Let x be h(-6). Suppose 4*a = -r - x, 0 = -5*r - 2*a - a - 5. What is the units digit of r?
2
Let m(f) = -6*f + 54. What is the tens digit of m(-20)?
7
Let v(q) = q - 1. Let a(w) = -w**2 - 7*w + 12. Let g(j) = -a(j) + 5*v(j). What is the units digit of g(-15)?
8
Let y(l) = 3*l - 1. Let u be y(-1). Let p = -2 - u. What is the units digit of p?
2
Let b(v) = 31*v**2 - 2*v - 1. What is the tens digit of b(1)?
2
Let a(u) = u**3 + 6*u**2 + u. Suppose 2*i = -4 - 8. Let h be a(i). What is the units digit of 34/6 + 4/h?
5
Let i(k) = -282*k**3 - k**2 + k + 1. What is the hundreds digit of i(-1)?
2
Suppose j + 4*j + 240 = -5*o, 2*j = 5*o + 261. What is the units digit of (17/o)/(2/(-234))?
9
Suppose 433 = 3*n - 5*p, -2*p = 2*n - p - 267. What is the tens digit of n?
3
Let y be (-1 - -2 - 1) + 2. Suppose -y*b = -61 + 9. What is the tens digit of b?
2
Let o = 127 + 191. What is the hundreds digit of o?
3
Suppose 42 = p - 196. What is the tens digit of p?
3
Let r(b) = -b**3 - 2*b**2 + 2*b + 1. Let c be r(-3). Let q(n) = n + n + c*n**3 - n. What is the units digit of q(1)?
5
Suppose 3*m + m + 3*v - 23 = 0, 0 = 3*m + v - 11. What is the units digit of m + 4/(-1) + 15?
3
Let k = 164 + -99. What is the units digit of k?
5
Let z = 36 - 24. What is the units digit of z?
2
Suppose 2*w + 0 = -5*u + 16, -40 = -5*w - u. Let g = w - 3. Let s(y) = -y**3 + 5*y**2 + 4*y - 6. What is the units digit of s(g)?
4
Let o(n) = -n**3 + 4*n**2 + 4*n + 8. Let v be o(5). Suppose 2*x - z = 5*x - 65, -5*x - v*z = -103. What is the tens digit of x?
2
Let r = 12 + 30. What is the tens digit of r?
4
Suppose -f + 6 = 2*o, -2*o - 8 = -5*f - o. Let h(r) = r + 11. Let q be h(-11). What is the units digit of 6 + f + -4 + q?
4
Suppose -56 = -3*q + 4*c, -2*c + 9 = 2*q + c. Let m be (q/10)/((-15)/(-50)). What is the units digit of (0 + m/(-2))*-1?
2
Let x = -3 - -9. Let p(a) = -4*a + 4*a + a. What is the units digit of p(x)?
6
Let g be (-53)/(-3) + (-2)/3. Let s = -8 + g. What is the units digit of s?
9
Suppose 3 = 5*a - 2*h, 3*a - 6 = 2*h - 5. Let i(t) = -5*t**3 + t. Let x be i(-1). What is the units digit of (0 - -1)*a*x?
4
Let v(n) = -10*n**3 + n + 1. Let m be v(-1). Suppose -h + c = -10, -h = -0*h - 5*c - m. What is the units digit of h?
0
Let g(l) = -l + 39. What is the units digit of g(14)?
5
Let x(k) = -2*k**3 + 3*k**2 + 4. What is the units digit of x(-3)?
5
Let f = -7 - -11. Let u = 3 + f. What is the units digit of u?
7
Suppose 2*q - 19 + 5 = 0. Let h(d) be the second derivative of -d**5/20 + 2*d**4/3 - 2*d**3/3 - 5*d**2 + 5*d. What is the units digit of h(q)?
1
Let m(q) = 5*q**2 - 29*q + 30. Let r(z) = -2*z**2 + 10*z - 10. Let t(x) = -3*m(x) - 8*r(x). Let p be t(-8). Let v = 4 + p. What is the units digit of v?
2
Suppose -2*p - 4*f = -3*p, -p + 6 = 2*f. Suppose -102 = -p*n - 30. What is the tens digit of n?
1
Let s = 11 + -8. What is the units digit of (-2)/s + (-53)/(-3)?
7
Suppose -a = w + a - 8, -4*a + 64 = 5*w. What is the units digit of w?
6
Suppose 23 = 2*s - 3*z, z + 6 = -s - z. Suppose 86 - 2 = s*l. What is the tens digit of l?
2
Suppose 3 = 4*d - 5*v + 16, 2*d + 4 = 2*v. What is the tens digit of (-6)/d - (0 - 15)?
1
Let a = -13 + 13. What is the units digit of (1*4)/(2 - a)?
2
Let f = 240 + -27. What is the hundreds digit of f?
2
Suppose 4*m + 4 = -0*i - 2*i, 4*m = -4*i + 8. Suppose 0 = -5*t + r - 4 - i, -8 = 4*t + 3*r. What is the units digit of (-8)/(-6)*(-9)/t?
6
Let r be 5 + 2/(-2*1). Let h be -2 - r/(8/46). Let t = -16 - h. What is the units digit of t?
9
Let t(a) = -a**3 - 3*a**2 + 5*a + 2. Let j be t(-4). Let s = 3 - j. What is the units digit of s?
5
Let d(j) = j**3 + 18*j**2 - 3*j - 32. What is the tens digit of d(-18)?
2
Let c = -4 + 6. Suppose -c*j + 2 + 0 = 0. What is the units digit of j?
1
Let l = -3 - 3. Let q(b) = b**2 + 5*b - 2. Let v be q(l). What is the units digit of (-1)/v - 5/(-4)?
1
Suppose 22 = 14*o - 16*o. Let r = o - -20. What is the units digit of r?
9
Let h(i) = -3*i - 12. Let f be h(-6). Let j = 7 - f. What is the units digit of j?
1
Let v(a) = -a**3 + 4*a**2 + 4 + 4*a + 0 - 6*a**2. Let y = 7 - 10. What is the units digit of v(y)?
1
Suppose u = -2*u + 42. Suppose 0 = 3*n - u - 10. What is the units digit of n?
8
What is the tens digit of 2/5 - 2124/(-15)?
4
What is the tens digit of -8 - -6 - 13*-3?
3
What is the tens digit of (18/(-3))/((-24)/752)?
8
Let q(v) = -14*v**3 + 13*v**2 - 10*v - 7. Let r(c) = 5*c**3 - 4*c**2 + 3*c + 2. Let o(l) = 2*q(l) + 7*r(l). What is the tens digit of o(2)?
5
Suppose 4*j + 5*s = 356, 109 = 2*j - s - 55. What is the units digit of j/4 + 6/(-3)?
9
Let r = 37 - 29. What is the units digit of r?
8
Let k(y) = y + 11. Let v(j) = -j**3 - 6*j**2 - 3*j + 2. Let u be v(-5). Let p = u + 1. What is the units digit of k(p)?
4
Let u be 6/3*6/(-4). Let z = 6 + u. Suppose 12 = z*c - 4*p, c + 3*p - 25 = -8. What is the units digit of c?
8
What is the tens digit of 119 - (-4 + 35/5)?
1
Suppose -4*r + 2*y + 5 = -11, -3*r = -2*y - 13. What is the units digit of r?
3
Let u = -227 - -147. Let x = -45 - u. What is the units digit of x?
5
What is the units digit